by 10?
8
What is the remainder when 2108 is divided by 141?
134
What is the remainder when 1693 is divided by 338?
3
What is the remainder when 236 is divided by 75?
11
Calculate the remainder when 2813 is divided by 134.
133
What is the remainder when 965 is divided by 54?
47
Calculate the remainder when 14743 is divided by 97.
96
Calculate the remainder when 81 is divided by 51.
30
Calculate the remainder when 2968 is divided by 371.
0
What is the remainder when 599 is divided by 157?
128
What is the remainder when 375 is divided by 19?
14
Calculate the remainder when 391 is divided by 193.
5
What is the remainder when 6268 is divided by 209?
207
Calculate the remainder when 2062 is divided by 682.
16
Calculate the remainder when 69 is divided by 52.
17
What is the remainder when 32 is divided by 19?
13
What is the remainder when 248 is divided by 23?
18
What is the remainder when 213 is divided by 43?
41
Calculate the remainder when 4110 is divided by 344.
326
Calculate the remainder when 51 is divided by 26.
25
What is the remainder when 84 is divided by 47?
37
What is the remainder when 44 is divided by 26?
18
What is the remainder when 10185 is divided by 23?
19
What is the remainder when 1153 is divided by 17?
14
Calculate the remainder when 239 is divided by 22.
19
What is the remainder when 128 is divided by 70?
58
Calculate the remainder when 468 is divided by 3.
0
What is the remainder when 267 is divided by 261?
6
Calculate the remainder when 40 is divided by 23.
17
Calculate the remainder when 406 is divided by 194.
18
Calculate the remainder when 1120 is divided by 102.
100
What is the remainder when 10755 is divided by 163?
160
What is the remainder when 12 is divided by 10?
2
What is the remainder when 191 is divided by 99?
92
What is the remainder when 686 is divided by 71?
47
Calculate the remainder when 4707 is divided by 8.
3
Calculate the remainder when 228 is divided by 119.
109
Calculate the remainder when 173 is divided by 84.
5
Calculate the remainder when 1301 is divided by 266.
237
Calculate the remainder when 551 is divided by 131.
27
Calculate the remainder when 788 is divided by 66.
62
What is the remainder when 69 is divided by 40?
29
Calculate the remainder when 644 is divided by 316.
12
Calculate the remainder when 557 is divided by 28.
25
Calculate the remainder when 8 is divided by 2.
0
Calculate the remainder when 36 is divided by 29.
7
Calculate the remainder when 1147 is divided by 227.
12
Calculate the remainder when 102 is divided by 37.
28
What is the remainder when 235 is divided by 24?
19
Calculate the remainder when 2573 is divided by 23.
20
What is the remainder when 941 is divided by 116?
13
Calculate the remainder when 321 is divided by 36.
33
Calculate the remainder when 407 is divided by 10.
7
What is the remainder when 2067 is divided by 19?
15
What is the remainder when 765 is divided by 24?
21
What is the remainder when 337 is divided by 68?
65
What is the remainder when 447 is divided by 25?
22
Calculate the remainder when 5640 is divided by 18.
6
Calculate the remainder when 39 is divided by 8.
7
Calculate the remainder when 23502 is divided by 15.
12
What is the remainder when 320 is divided by 23?
21
Calculate the remainder when 208 is divided by 105.
103
What is the remainder when 725 is divided by 8?
5
Calculate the remainder when 571 is divided by 115.
111
Calculate the remainder when 6500 is divided by 151.
7
What is the remainder when 967 is divided by 205?
147
Calculate the remainder when 246 is divided by 63.
57
What is the remainder when 61 is divided by 15?
1
What is the remainder when 125 is divided by 32?
29
What is the remainder when 176 is divided by 40?
16
Calculate the remainder when 1401 is divided by 265.
76
Calculate the remainder when 312 is divided by 67.
44
Calculate the remainder when 463 is divided by 19.
7
Calculate the remainder when 1763 is divided by 63.
62
What is the remainder when 336 is divided by 109?
9
What is the remainder when 382 is divided by 48?
46
What is the remainder when 79 is divided by 17?
11
What is the remainder when 140 is divided by 59?
22
What is the remainder when 1588 is divided by 42?
34
Calculate the remainder when 375 is divided by 124.
3
What is the remainder when 1166 is divided by 73?
71
What is the remainder when 115 is divided by 38?
1
Calculate the remainder when 106 is divided by 33.
7
What is the remainder when 1696 is divided by 13?
6
Calculate the remainder when 134 is divided by 34.
32
Calculate the remainder when 276 is divided by 259.
17
What is the remainder when 592 is divided by 272?
48
What is the remainder when 65 is divided by 4?
1
What is the remainder when 1570 is divided by 83?
76
Calculate the remainder when 178 is divided by 27.
16
Calculate the remainder when 72 is divided by 16.
8
What is the remainder when 804 is divided by 26?
24
What is the remainder when 271 is divided by 17?
16
What is the remainder when 24 is divided by 23?
1
What is the remainder when 471 is divided by 28?
23
Calculate the remainder when 337 is divided by 144.
49
What is the remainder when 5690 is divided by 178?
172
Calculate the remainder when 1291 is divided by 429.
4
Calculate the remainder when 3379 is divided by 65.
64
Calculate the remainder when 716 is divided by 140.
16
Calculate the remainder when 67 is divided by 11.
1
What is the remainder when 259 is divided by 26?
25
What is the remainder when 22238 is divided by 40?
38
What is the remainder when 8046 is divided by 322?
318
Calculate the remainder when 1380 is divided by 128.
100
What is the remainder when 698 is divided by 7?
5
What is the remainder when 42837 is divided by 70?
67
What is the remainder when 180 is divided by 35?
5
What is the remainder when 57 is divided by 20?
17
Calculate the remainder when 886 is divided by 89.
85
What is the remainder when 278 is divided by 71?
65
Calculate the remainder when 88 is divided by 35.
18
Calculate the remainder when 1000 is divided by 43.
11
Calculate the remainder when 3039 is divided by 89.
13
What is the remainder when 461 is divided by 11?
10
Calculate the remainder when 9572 is divided by 252.
248
Calculate the remainder when 978 is divided by 55.
43
Calculate the remainder when 864 is divided by 293.
278
Calculate the remainder when 31429 is divided by 17.
13
What is the remainder when 353 is divided by 51?
47
Calculate the remainder when 4457 is divided by 13.
11
Calculate the remainder when 258 is divided by 113.
32
What is the remainder when 249 is divided by 91?
67
What is the remainder when 36 is divided by 4?
0
Calculate the remainder when 251 is divided by 57.
23
Calculate the remainder when 446 is divided by 115.
101
What is the remainder when 186 is divided by 166?
20
Calculate the remainder when 734 is divided by 41.
37
Calculate the remainder when 82 is divided by 33.
16
Calculate the remainder when 278 is divided by 141.
137
Calculate the remainder when 387 is divided by 241.
146
Calculate the remainder when 59 is divided by 30.
29
Calculate the remainder when 273 is divided by 35.
28
What is the remainder when 199 is divided by 9?
1
Calculate the remainder when 495 is divided by 488.
7
Calculate the remainder when 291 is divided by 14.
11
What is the remainder when 113 is divided by 13?
9
Calculate the remainder when 73 is divided by 13.
8
What is the remainder when 39 is divided by 21?
18
Calculate the remainder when 230 is divided by 216.
14
What is the remainder when 3449 is divided by 31?
8
What is the remainder when 3630 is divided by 258?
18
Calculate the remainder when 234 is divided by 85.
64
Calculate the remainder when 329 is divided by 63.
14
Calculate the remainder when 118 is divided by 30.
28
What is the remainder when 563 is divided by 227?
109
Calculate the remainder when 56 is divided by 26.
4
Calculate the remainder when 245 is divided by 25.
20
What is the remainder when 138 is divided by 4?
2
What is the remainder when 9 is divided by 4?
1
What is the remainder when 502 is divided by 122?
14
What is the remainder when 496 is divided by 71?
70
What is the remainder when 800 is divided by 769?
31
Calculate the remainder when 6043 is divided by 36.
31
What is the remainder when 1233